divided by j(x)?
7
Let i = 1499 - 1274. What is the remainder when i is divided by 57?
54
Let w be (2*3)/1*1. Let x(z) = -z**3 + 39*z**2 - 37*z - 27. What is the remainder when (-123)/w*-1*2 is divided by x(38)?
8
Let s(u) = -10*u**3 + 2*u**2 - 1. Suppose 6 = 2*k + 2*t, k + 4*t = -0*t + 18. Let n = 17 - k. Calculate the remainder when n is divided by s(-1).
8
Suppose -4*s = 5*r - 2*r - 301, -79 = -s - 2*r. What is the remainder when 1238 is divided by s?
70
Let x(a) = -951*a - 10. Calculate the remainder when x(-1) is divided by 16.
13
Let n(u) = 3*u**2 + 175*u - 83. Let m(l) = 5*l**3 - 5*l**2 + 5*l - 3. What is the remainder when m(3) is divided by n(-59)?
32
Let l = 79 - 39. What is the remainder when 278 is divided by l?
38
Suppose 2*o + 65 - 161 = 0. Calculate the remainder when o is divided by 20.
8
Suppose 2*k = 4, 4*k - 5 = 2*q - 1. What is the remainder when 4 is divided by q?
0
Let r = 18 - -47. What is the remainder when r is divided by 17?
14
Suppose -17 = -5*v + o - 42, -5*v + 5 = 5*o. What is the remainder when -5 - (2 - (-215)/(-5)) is divided by v - -17 - (0 + 0)?
10
Let b = 2103 + -2037. What is the remainder when 461 is divided by b?
65
Let j(n) = 2*n - 21. Let p be j(6). What is the remainder when 10 - p/6*(-12)/(-6) is divided by 8?
5
Let i(d) = 4*d**2 + d + 1. Suppose r = -4*r - 20. Let c(q) = -q**3 - 2*q**2 + 7*q + 5. Calculate the remainder when c(r) is divided by i(-1).
1
Suppose 0 = 3*t + 4*b - 38, 0 = -4*t - 26*b + 21*b + 52. What is the remainder when 50 is divided by t?
14
Let t(r) = 7*r**3 - 22*r**2 + 31*r - 30. Let y(i) = -i**3 - i**2 + i. Let q(o) = t(o) + 6*y(o). Calculate the remainder when q(27) is divided by 22.
20
Suppose -5*k - 57 = -4*d, 3*k = 7*d - 4*d - 42. Suppose -7*o = -d*o + 126. What is the remainder when 37 is divided by o?
16
Suppose 3*c - c - h - 25 = 0, -3*h + 3 = 0. Suppose u = 1 + c. Suppose -43*s - 38 = -1070. What is the remainder when s is divided by u?
10
Let p(h) = -40*h**3 + h**2 + 2*h. What is the remainder when 125 is divided by p(-1)?
8
Calculate the remainder when 27 is divided by (38/(-57))/(4/(-18)).
0
Let p be 1*(-6 - -5)*-1. Suppose -4*c - 13 = -5*b, -3*b + 24 = 3*c - 0*c. Calculate the remainder when 23 is divided by 4 - (c + -4 - p).
5
Let v(c) = 2*c - 37. Let q be v(0). Let u = q - -50. Let m(g) = g**3 + 7*g**2 + 4. Calculate the remainder when u is divided by m(-7).
1
Suppose 5*y - 7 = 13. Let f = -47 - -58. Calculate the remainder when f is divided by y.
3
Suppose 17*j - 11*j - 54 = 0. Let q be 14/6*(-1 - -4). Let r = q - 2. Calculate the remainder when j is divided by r.
4
Let m = 11 + -6. Let v = m - -34. Let a(l) = -l**3 - 3*l**2 - 2. What is the remainder when v is divided by a(-4)?
11
Let c = -369 + 256. Let y = 161 + c. Calculate the remainder when y is divided by 17.
14
Suppose 5*p = 5*r - 65, -r = -2*r - 4*p - 7. Suppose -r = -g + 30. Let v(y) = y**3 + 4*y**2 - 7*y. Calculate the remainder when g is divided by v(-5).
9
Let x(z) = z**3 + 14*z - 4*z**3 - 3 - 3*z**2 + z**3 + z**3. Suppose 0 = -3*v + 2*v + 8. Calculate the remainder when x(-6) is divided by v.
5
What is the remainder when (2 + 3)/((-5)/(-295)) is divided by 74?
73
Suppose 4*d - d = 57. Let i = 43 - d. Suppose -61*b + 39*b - 325 = -47*b. Calculate the remainder when i is divided by b.
11
Let r = -1247 - -1258. Calculate the remainder when 1054 is divided by r.
9
Let i be 8/6*(-24)/(-16). Suppose i = -5*c + 42. Calculate the remainder when 23 is divided by c.
7
Let x(n) = 8*n - 12. Let d = 1 - -2. Calculate the remainder when 33 is divided by x(d).
9
Let n(r) = 2*r**3 - 8*r**2 - 8*r - 4. What is the remainder when n(6) is divided by 50?
42
Let y(b) = -8*b - 6. Let h be ((-176)/(-32))/((-2)/4). Suppose -3*z + 77 = -7. Calculate the remainder when y(h) is divided by z.
26
Let w(m) = 27*m - 36. Let a be w(8). Suppose -219 = -7*k + a. Calculate the remainder when k is divided by 31.
26
Suppose 4*l + 2*c - 182 = 0, -c = 5*l - 7*l + 81. Calculate the remainder when 200 is divided by l.
28
Suppose 7*z = -5 + 89. Suppose 0 = h - 19 - 2. Calculate the remainder when h is divided by z.
9
Suppose 4*x - 2*x + 1 = g, -2*x - 16 = -4*g. Suppose x*z - z - 16 = 0. Let o = 271 + -241. Calculate the remainder when o is divided by z.
14
Let x(q) = q**3 + 23*q**2 - 6*q - 77. What is the remainder when 240 is divided by x(-23)?
57
Let q be 3/(-2)*(-2856)/36. Suppose q = -8*b + 9*b. What is the remainder when b is divided by 6?
5
Let k be 32/240 + (-298)/(-15). Calculate the remainder when (24/k)/(9/480*1) is divided by 11.
9
Suppose -7*n + 33 + 310 = 0. What is the remainder when n is divided by 10?
9
Suppose 8 = 5*c - 27. Let a be (-24)/(-8)*2/3. Suppose -c*q + 70 = -a*q. Calculate the remainder when 27 is divided by q.
13
Suppose -220 = -3*p - p. Let i be -2 + (0 - -11) - -3. Suppose -2*d - 22 = -q, -d + 4*d = -i. Calculate the remainder when p is divided by q.
13
Let a = -606 + 723. Calculate the remainder when 369 is divided by a.
18
Suppose 2*t + 3*t - 370 = 5*y, -3*t - 4*y = -222. Suppose 8*d - 1165 = -341. Let f = d - 84. What is the remainder when t is divided by f?
17
Suppose 5*x = -3*w + 181, -w - 82 = -2*x + w. What is the remainder when 146 is divided by x?
32
Let d(i) = -i**3 - 23*i**2 - 44*i + 29. Calculate the remainder when 212 is divided by d(-21).
70
Suppose 0 = -4*k + 661 + 591. Calculate the remainder when k is divided by 45.
43
Let i = -100 - -97. Let l(m) = 15*m**2 - 2*m - 5. Calculate the remainder when l(i) is divided by 36.
28
Calculate the remainder when (9936/162)/(2/3) is divided by 32.
28
Calculate the remainder when 134 is divided by (14/4)/(((-18)/(-48))/3).
22
Let s = 600 + -564. Calculate the remainder when 37 is divided by s.
1
Let h(c) = -57*c + 150. What is the remainder when 317 is divided by h(2)?
29
Suppose -5 = -3*r + 91. Let v = -13 - -24. Calculate the remainder when r is divided by v.
10
Suppose -4*h + 3*h - 9 = 0. Calculate the remainder when 1 - (1 + 2) - h is divided by 5.
2
Let w = 2314 - 2304. Calculate the remainder when 2*24*6/9 is divided by w.
2
Let b(g) = g**3 - 4*g**2 - 13*g + 13. Suppose q + 120 = 6*q. Calculate the remainder when b(7) is divided by q.
21
Suppose -5*y = -4*d + 50, 3*y = 4*y - 4*d + 26. Suppose b + w - 5 = 0, 5 + 12 = 4*b + 5*w. Let m = y + b. What is the remainder when 6 is divided by m?
0
Let j = 2874 - 2851. Calculate the remainder when (111/(-4))/((-2)/8) is divided by j.
19
Suppose -26*i + 32 = -24*i. Suppose 6*w - 64 = 212. Calculate the remainder when w is divided by i.
14
Let g(b) = -15*b**2 - 7 + 9*b**2 + 2*b**3 + 4. Calculate the remainder when g(4) is divided by 8.
5
Let p(f) = 3*f**3 - 3*f**2 - f + 2. Calculate the remainder when p(3) is divided by ((-2)/(-6))/(12/792).
9
Suppose 5*o = 7*o - 10. Suppose o = 2*a - a. Suppose -3*q - 4*j + 43 = 0, -12 = -a*q + 2*j + 103. Calculate the remainder when 61 is divided by q.
19
Suppose 5*a - 4*m + 8*m = 0, 0 = 5*a - 2*m - 30. Suppose 8 = -a*o + 2*o, -2*x = o - 8. Calculate the remainder when x is divided by 4.
2
Suppose 0 = 166*p - 164*p - 24. What is the remainder when 54 is divided by p?
6
Suppose -4*r + 84 + 240 = 0. Let u = r - 45. Calculate the remainder when u is divided by (-150)/5*(-2)/3.
16
Calculate the remainder when 26 is divided by 15/(-45) + (2 - 98/(-6)).
8
Suppose 2*l = -3*l, -3*s + 4*l + 549 = 0. What is the remainder when s is divided by 46?
45
Suppose 0 = 3*s - 7*s + 2*q + 58, 0 = 2*s - 2*q - 32. Suppose -5*c + s = -7. Suppose -953*n - 126 = -962*n. What is the remainder when n is divided by c?
2
What is the remainder when (-6219 - -3)/(-4)*(-10)/(-30) is divided by 10?
8
Suppose 5*d = -0*d + 25, c - 75 = -5*d. Let p = -37 + c. Calculate the remainder when 50 is divided by p.
11
Let l = -1993 - -2047. Calculate the remainder when 241 is divided by l.
25
Let b(y) = -y**3 + 6*y**2 + 5*y - 14. Let m(l) = l**3 - 7*l**2 - 6*l + 13. Let x(v) = 2*b(v) + 3*m(v). What is the remainder when x(10) is divided by 12?
7
Suppose -19 = -3*x + 2*t, -5*t + t - 11 = 3*x. Suppose g + x*g = 196. Let q = g - 32. What is the remainder when 47 is divided by q?
13
Suppose 148 + 162 = 10*r. Suppose z - j - r = j, 0 = 4*j. Calculate the remainder when z is divided by 8.
7
Let y = 4 + -5. What is the remainder